ime factors of b.
5, 23
Let q(o) = -1538*o + 1744. List the prime factors of q(-28).
2, 3, 1867
What are the prime factors of -12*(9 - (-17)/(-2))*(-26997)/9?
2, 8999
Suppose -361552 - 381138 = -26*f. List the prime factors of f.
5, 29, 197
Let x(j) = j**2 + 5*j - 3. Let y be x(-6). What are the prime factors of y/6 + 4520/16?
283
Let c be ((-1)/3)/(-2 + 16555/8283). Let x = -8 + c. List the prime factors of x.
3
Suppose -4*l + 48112 = 4*h, -5*h + 9*l + 60182 = 7*l. What are the prime factors of h?
2, 11, 547
Suppose 0 = 2*q - 23 - 95. Suppose -8*p + q = -669. What are the prime factors of p?
7, 13
Suppose 17*x = 8*x + 9. Let y(u) = 425*u**2 + 3*u - 4. List the prime factors of y(x).
2, 53
Let u be (318/4)/((-1)/(-8)). Let q be 75/(-25) - (-11 + -1) - 3. Suppose u = q*c - 210. List the prime factors of c.
3, 47
Let i(r) = -r**3 - 7*r**2 + 44*r + 19. Let n be i(-11). Suppose 0 = -n*k + 17662 - 315. List the prime factors of k.
11, 83
Let u = 679 + -1588. List the prime factors of 528/(-198)*u/2.
2, 3, 101
Let r = 10381 - -5343. List the prime factors of r.
2, 3931
Let p(l) be the second derivative of -l**3/6 + 33*l**2 - 47*l + 2. What are the prime factors of p(36)?
2, 3, 5
Let w = 49 - 112. Let b be -55*(w/15 + 4). Suppose -h + b = -3. List the prime factors of h.
2, 7
Suppose -9*d - 26 = -8. Let o be d + -6*(0 - 23). Suppose -6*k - 43 = -p - 3*k, 0 = 2*p + 4*k - o. List the prime factors of p.
2, 29
Let s(p) = 22*p**2 + 2*p + 67. List the prime factors of s(34).
37, 691
List the prime factors of (730040/(-28))/(-2) - 168/392.
2, 3259
Let a be ((-1 - -4) + (-6)/4)*4. Suppose -24 - a = -10*w. Suppose -w*i + 7*i - 648 = 0. List the prime factors of i.
2, 3
Let q = -15 - -15. Let u be (-5 - -3)*-1 + q. Suppose -x - 125 = -c - c, -3*c + u*x = -185. What are the prime factors of c?
5, 13
Let r = -4879 - -11573. List the prime factors of r.
2, 3347
Let v = 219 + -51. Let h = 86 - v. Let f = -33 - h. List the prime factors of f.
7
Let t(s) = -s**2 - 15*s + 10. Suppose -5 = 3*z + 2*z, -2*z - 66 = 4*l. Let f = l + 3. List the prime factors of t(f).
2, 3
Suppose 0 = 5*i, i + 77 = -4*s + 221. Let t = -2076 - -2033. Let l = s - t. List the prime factors of l.
79
Let p be 3513/12*(17 + -13). Let l = 1991 - p. List the prime factors of l.
2, 5, 41
Let p(s) = 992*s**2 + 8*s + 9. Suppose 5*a + v + 3 = 0, 6*a - 2*a = 4*v - 12. List the prime factors of p(a).
3, 331
Let q(b) = 34*b - 78. Let x be q(10). Suppose -139 = -z - 4*u, 5*z - 367 = 2*u + x. List the prime factors of z.
127
List the prime factors of (-1136582)/(-19) - 34/323.
2, 3, 5, 997
Let m = -3374 - -9763. What are the prime factors of m?
6389
What are the prime factors of (0 - 1) + -1 - (2 - (-15 - -4656))?
4637
Let i(t) = 154*t**2 + 104*t - 1595. What are the prime factors of i(17)?
3, 53, 281
Let u(w) = 3*w - 1. Let m be u(1). Suppose -4*o + 2*j = -2*j - 808, -m*j = -o + 199. Suppose o = 27*h - 22*h. What are the prime factors of h?
41
Let d(k) = 36*k**2 - 6*k - 7. Let l(m) = -2*m**3 + m**2 + 2*m - 2. Let t be l(1). List the prime factors of d(t).
5, 7
Suppose 3*q - 83 = -13*r + 15*r, -20 = 5*r. Suppose -10346 = -q*y + 13029. List the prime factors of y.
5, 11, 17
Let v = -1441 + 852. Let g = v + 1011. What are the prime factors of g?
2, 211
Suppose 48 = -n + 4*n. Let o be 102/8 - (-5)/4 - 6. Let j = o + n. What are the prime factors of j?
2, 3
Suppose 0 - 12 = -3*h. Suppose 3*y + 14 = g, h*g = 2*g + y + 8. Suppose -3*t + 2*b = -302, 2*b + 212 = 2*t - g*b. List the prime factors of t.
2, 7
Let p = -7272 + 10584. List the prime factors of p.
2, 3, 23
Suppose -2*q = -18*v + 15*v + 22581, -5*v - 4*q + 37657 = 0. List the prime factors of v.
7529
Let j(z) = z**3 + 5*z**2 + 3*z + 14. Let c be j(-4). Suppose 3 = -5*w + c. List the prime factors of ((-1128)/(-9))/4*w.
2, 47
Suppose 3*q + 15 = 0, 2*x - x - 454 = -q. Suppose -2*d + x = -3*u, -12*d + 2*u + 228 = -11*d. List the prime factors of d.
2, 3, 13
Let b = -172 - -227. What are the prime factors of 198/1 + b/11?
7, 29
Let i(g) = 5*g**2 + 74*g + 243. What are the prime factors of i(-31)?
2, 3, 17
Let u = 35 + 98. Let k(d) = 4*d**2 + d + 14. Let g be k(-7). Let z = g - u. List the prime factors of z.
2, 5, 7
Let m = -225 + 326. Let a be (0 - 3)*(-7 - (-1 - (-170)/(-30))). List the prime factors of 1 + m - (a - (2 + -1)).
2, 3, 17
Let f = 1401 - 1192. What are the prime factors of f?
11, 19
Suppose -4*b = 3*n + 16, 0 = -6*b + 4*b - 8. Suppose -3*y - 3*c + 2094 = n, 5326 = 5*y + 3*c + 1836. List the prime factors of y.
2, 349
Let v = -386 + 1703. Suppose -v = -6*g + 843. List the prime factors of g.
2, 3, 5
Let x be 140/15 - ((-4)/3)/2. Suppose 9*s + x = 55. Let q = s - -184. List the prime factors of q.
3, 7
Let v = 1354 - -7638. What are the prime factors of v?
2, 281
Suppose -4*o + 3*t + 39821 = 0, -69*t + 15 = -74*t. List the prime factors of o.
37, 269
Let p = -398 + 426. Suppose 4*w - p*v - 444 = -30*v, -v + 549 = 5*w. What are the prime factors of w?
109
Let z(v) = -v**2 + 5*v + 100. Let j be z(12). Let w(h) = 13*h - 113. List the prime factors of w(j).
5, 19
Let l = 605 - 392. Let q = l - 150. Suppose i - 4*c - 85 = 0, c + 19 + q = i. List the prime factors of i.
3
Let l(b) = -b**3 + 61*b**2 - 69*b - 340. List the prime factors of l(44).
2, 13, 71
Let v = -3 + 14. Let w(f) be the third derivative of -f**6/120 + f**5/6 + f**4/2 - 3*f**3/2 - f**2 + 1. What are the prime factors of w(v)?
2
Let z be (0 - -14) + (-48)/(-12). Suppose -8*y - z = -14946. What are the prime factors of (-14)/(-77) + y/22?
5, 17
Suppose -2*j + 4*q - 48 = 0, -4*q = 2*j - 2*q + 30. Let i = j + 29. Suppose 288 = -i*l + 14*l. What are the prime factors of l?
2, 3
Let q(h) = 34*h**2 + 3*h - 43. What are the prime factors of q(4)?
3, 19
Suppose -21*q - 36*q + 2421957 = -10*q. List the prime factors of q.
3, 89, 193
Let w = -52 + 51. What are the prime factors of 3/(0 - (-2 - w))?
3
Let a = 7 + 181. Suppose k + 3*l - a = 0, -3*k - 8*l = -5*l - 570. What are the prime factors of k?
191
Let m = 229 + -226. Suppose 3*v = m*x - 2505, -x + 42*v = 45*v - 827. What are the prime factors of x?
7, 17
Suppose -z - 5*f = -13257, -3*z = 3*f + f - 39815. List the prime factors of z.
11, 17, 71
Let d be -210 + 6 + 1 + 9/3. Let p = 503 - d. What are the prime factors of p?
19, 37
Suppose 18*w = 13*w + 15. Let g be (120 + 5 + w)*18/8. Suppose -3*y = -0*a - a - g, -2*a = y - 103. List the prime factors of y.
97
Suppose 153032 = 186*f - 120*f - 664708. List the prime factors of f.
2, 3, 5, 7, 59
Let y(n) = n**2 - 11*n + 13. Let k be y(13). Suppose 0 = -14*b - k*b + 64713. What are the prime factors of b?
3, 11, 37
Let z = -17985 - -30743. List the prime factors of z.
2, 6379
Let n(s) = 2*s**2 + 51*s - 140. Let r(b) = -b**2 - 25*b + 70. Let u(k) = -6*n(k) - 11*r(k). List the prime factors of u(-28).
2, 7, 11
Suppose 4*r = 8, 5*r = -3*l + 14231 + 8522. List the prime factors of l.
3, 7, 19
Let b(s) = 34*s**2 + 63*s + 2021. List the prime factors of b(-23).
2, 3, 1031
Suppose 664 = 29*l - 37*l. Let s = -81 - l. Suppose 787 = 4*t - b - 0*b, -2*t + s*b = -392. What are the prime factors of t?
197
Let z = -329 + 371. Let w = 186 + z. What are the prime factors of w?
2, 3, 19
Suppose 12*y + 37 = 1093. Let p = -4 + 8. Suppose p*s = 36 + y. List the prime factors of s.
31
Suppose 3*n = -3*s - 3 + 6, -2*n - 10 = 0. Suppose -s = 4*h - 6*h. Suppose -8 = 2*x - h*c - 156, 0 = -5*c. List the prime factors of x.
2, 37
Let i(h) = -2143*h - 16563. List the prime factors of i(-46).
5, 47, 349
Let z(v) = -37*v**2 + 2*v - 2. Suppose -19*g + 9 = -22*g. Let s(l) = 19*l**2 - l + 1. Let k(o) = g*z(o) - 5*s(o). What are the prime factors of k(-2)?
67
Suppose 2698 = -70*r + 71*r - v, -3*r - 2*v + 8104 = 0. List the prime factors of r.
2, 3, 5
Let c = 1916 + -2684. Let v = 845 + c. What are the prime factors of v?
7, 11
Suppose 2*d + 96 = -10*v, -42 = 25*v - 22*v + 5*d. Let x(u) be the third derivative of u**5/20 + u**4/6 + u**2. List the prime factors of x(v).
3, 23
Suppose -12*m + 10*m = 0. Suppose -b + 5*s + 328 = m, 5*b + 0*b + s = 1640. List the prime factors of b.
2, 41
Suppose 4*m = 17*m. Suppose 0 = -m*j + 3*j + 15. Let r(a) = -2*a**3 - 2*a**2 + 11*a + 7. What are the prime factors of r(j)?
2, 19
Let d be (-1)/